i + 256. Calculate d(-12).
4
Let f(p) = -122*p + 974. What is f(8)?
-2
Let w(d) = -2*d**2 - 7*d + 19. What is w(-2)?
25
Let s(m) = -11*m**2 + 131*m - 211. Calculate s(10).
-1
Let q(u) = -4*u**2 + 56*u - 3. Give q(8).
189
Let c(b) = -b**2 + 132*b - 2912. Determine c(104).
0
Let n(t) = -4*t**2 + 135*t + 361. What is n(36)?
37
Let w(q) = 196*q + 5289. Give w(-28).
-199
Let t(f) = -f**2 + 18*f + 23. Give t(0).
23
Let o(p) = -6*p**2 - 142*p - 177. Calculate o(-23).
-85
Let t(w) = 35*w - 283. What is t(8)?
-3
Let t(f) = 16*f**2 + 2303*f - 138. Calculate t(-144).
6
Let o(n) = 132*n + 495. What is o(-6)?
-297
Let s(y) = -31*y**2 + 751*y - 135. What is s(24)?
33
Let b(o) = -2194*o - 46071. What is b(-21)?
3
Let c(z) = 2*z**3 + 21*z**2 - 4*z - 8. What is c(-11)?
-85
Let b(r) = -4*r**2 + 132*r + 1041. Give b(-8).
-271
Let l(s) = -s**3 - 13*s**2 + 60*s - 141. Determine l(-17).
-5
Let r(f) = 5*f**3 - 4*f**2 + 3. Give r(-2).
-53
Let h(c) = 39*c - 308. Calculate h(8).
4
Let r(a) = a**2 - 9*a - 3. Calculate r(-8).
133
Let k(v) = -6*v**2 - 222*v + 3910. Determine k(13).
10
Let j(w) = w**2 + 14*w - 738. Determine j(-35).
-3
Let d(y) = -y**3 + 175*y**2 + 6868*y + 140. Calculate d(-33).
8
Let d(c) = -5*c**2 + 107. Calculate d(-9).
-298
Let g(f) = -2*f**2 - 159*f + 1982. Determine g(11).
-9
Let z(c) = 35*c - 969. Determine z(24).
-129
Let i(m) = -m**2 + 2*m + 3. Determine i(0).
3
Let a(c) = 75*c + 853. Determine a(-11).
28
Let n(g) = 13*g**2 - 25*g - 9. Give n(5).
191
Let f(g) = g**2 - 58*g + 520. Determine f(10).
40
Let x(d) = 7*d - 126. Calculate x(19).
7
Let i(o) = -2*o**3 - 23*o**2 + 335*o - 70. Give i(-20).
30
Let x(i) = 4*i**3 - 51*i**2 - 13*i - 7. What is x(13)?
-7
Let a(v) = 21*v**3 + 25*v + 48. Give a(-2).
-170
Let a(m) = -7*m**2 - 98*m + 123. Give a(-15).
18
Let t(g) = -g**3 + 9*g**2 - 65*g - 164. What is t(-2)?
10
Let g(c) = -c**3 - 60*c**2 - 638*c + 40. Determine g(-46).
-236
Let j(w) = -4*w**3 - 56*w**2 - 5*w - 8. Give j(-14).
62
Let z(t) = t**3 - 35*t**2 + 70*t - 129. Give z(33).
3
Let c(o) = 7*o + 174. Give c(-21).
27
Let y(r) = 6*r**2 + 1121*r + 1122. Determine y(-1).
7
Let d(u) = -u**3 - 18*u**2 - 25*u + 120. Determine d(-16).
8
Let f(v) = -33*v**3 + 5*v**2 - 21*v + 16. Calculate f(1).
-33
Let d(r) = -1414*r - 35339. Give d(-25).
11
Let l(b) = -b**3 + 13*b**2 + 16*b - 213. Determine l(13).
-5
Let y(v) = -v**3 - 35*v**2 + 95*v + 844. What is y(-37)?
67
Let p(q) = -2*q**3 - 3*q**2 - 58*q - 329. Give p(-4).
-17
Let b(o) = -27*o + 211. Give b(31).
-626
Let c(m) = -m**3 + 24*m**2 + 14*m - 318. Give c(24).
18
Let i(k) = -28*k**2 + 3*k + 8. Give i(-3).
-253
Let j(i) = -3*i**3 + 2*i**2 + 46*i - 47. What is j(1)?
-2
Let t(x) = x**2 + 32*x - 1111. Calculate t(-53).
2
Let u(s) = 38*s - 862. Calculate u(16).
-254
Let p(r) = 333*r + 1649. Calculate p(-5).
-16
Let m(o) = -794*o - 1592. What is m(-2)?
-4
Let v(w) = 3*w**3 - 28*w**2 - 55*w - 5. Determine v(11).
-5
Let m(p) = -2*p**3 + 8*p**2 - 10*p + 68. What is m(6)?
-136
Let z(v) = -v**3 + 59*v**2 - 221*v + 54. What is z(55)?
-1
Let n(z) = -24*z + 1531. Determine n(45).
451
Let k(c) = -c**3 - 2*c**2 + 13*c + 73. Calculate k(-7).
227
Let m(k) = -18*k**2 + 19*k + 6. Calculate m(-3).
-213
Let q(x) = -34*x**3 + 5*x**2 + 11*x - 32. Give q(2).
-262
Let u(j) = 182*j - 561. What is u(7)?
713
Let v(m) = 11*m**3 + 7*m + 35. Calculate v(-3).
-283
Let q(s) = 890*s**2 - 27*s - 28. What is q(-1)?
889
Let r(v) = 469*v - 10314. Give r(22).
4
Let q(w) = -39*w**2 + 30*w - 6. What is q(3)?
-267
Let g(h) = -h**3 - 6*h**2 - 37*h - 114. Give g(-4).
2
Let d(q) = -8*q**2 + 157*q - 122. Determine d(19).
-27
Let i(v) = v**3 + 30*v**2 - 5*v - 260. What is i(-30)?
-110
Let t(n) = n**2 - 38*n - 255. Determine t(-6).
9
Let q(o) = -193*o + 1540. Calculate q(8).
-4
Let c(u) = u**3 + 16*u**2 + 49*u - 22. Determine c(-12).
-34
Let k(y) = -3*y**3 + 70*y**2 - 23*y - 62. Determine k(23).
-62
Let j(r) = -21*r + 833. What is j(39)?
14
Let o(i) = i**3 + 7*i**2 + 9*i + 12. Determine o(-4).
24
Let a(z) = -7*z**2 + 688*z + 491. Determine a(99).
-4
Let u(d) = -12*d**2 - 145*d - 13. Calculate u(-10).
237
Let h(n) = -233*n**2 - 15*n - 15. Determine h(-1).
-233
Let x(l) = l**3 + 63*l**2 + 83*l - 2402. Determine x(-61).
-23
Let l(j) = j**2 + 57*j - 209. Give l(4).
35
Let r(o) = -o**3 - 3*o**2 + 30*o + 20. Give r(-7).
6
Let w(j) = -2*j**2 - 24*j - 11. Calculate w(-6).
61
Let l(h) = -h**3 + 35*h**2 - 33*h - 46. Give l(34).
-12
Let v(s) = -121*s - 16234. What is v(-134)?
-20
Let v(l) = -l**2 + 4860*l + 29200. Determine v(-6).
4
Let b(t) = 2*t**2 - 33*t + 227. Determine b(6).
101
Let h(i) = 6*i**2 + i - 7. What is h(4)?
93
Let k(u) = -11*u**2 + 26*u - 185. What is k(6)?
-425
Let a(z) = 117*z - 11103. Give a(95).
12
Let f(c) = -6*c**3 - 1111*c**2 - 190*c - 919. What is f(-185)?
6
Let h(d) = 1401*d - 9809. Give h(7).
-2
Let a(l) = -61*l - 280. Give a(-4).
-36
Let p(b) = -b**2 - 43*b - 321. Give p(-10).
9
Let n(y) = 20*y + 153. Give n(-6).
33
Let v(f) = -f**3 - 14*f**2 + 11*f + 62. What is v(-15)?
122
Let p(d) = d**3 - 12*d**2 + 23*d - 461. Determine p(13).
7
Let f(a) = -12*a**2 - 25*a + 39. Determine f(-8).
-529
Let h(r) = -53*r - 4071. Give h(-75).
-96
Let q(a) = 7*a**2 - 321*a - 58. Give q(46).
-12
Let p(f) = f**3 - 4*f**2 - 16*f + 30. Give p(7).
65
Let q(h) = -175*h - 5078. What is q(-29)?
-3
Let s(l) = -14*l**2 - 712*l + 74. Calculate s(-51).
-28
Let x(o) = -2*o**2 - 80*o - 665. Give x(-12).
7
Let x(j) = j**2 - 53*j + 216. Determine x(5).
-24
Let l(h) = -2*h**2 - 66*h - 259. Calculate l(-28).
21
Let l(s) = -16*s**2 + 155*s + 3. Give l(10).
-47
Let x(m) = 4*m**3 - 4*m**2 - 17*m - 12. Determine x(-1).
-3
Let b(n) = n**3 + 30*n**2 + 2*n + 8. Determine b(0).
8
Let t(b) = 43*b + 77. What is t(4)?
249
Let o(r) = -57*r - 68. Give o(-1).
-11
Let y(a) = -a**3 + 1282*a**2 + 2572*a + 5. What is y(-2)?
-3
Let h(p) = -2*p**2 + 11*p + 14. Calculate h(5).
19
Let v(t) = 49*t + 616. Give v(-13).
-21
Let z(i) = -11*i**3 - 30*i**2 - 21*i - 12. Calculate z(-2).
-2
Let f(q) = q**2 + 22*q + 112. What is f(-11)?
-9
Let h(m) = m**2 + 39*m - 246. What is h(-45)?
24
Let y(n) = n**2 - 87*n + 262. Give y(3).
10
Let b(r) = r**3 - 7*r**2 + 21. Calculate b(6).
-15
Let v(q) = 720*q + 5759. Calculate v(-8).
-1
Let u(c) = -c**3 + 23*c**2 - 154*c + 33. Calculate u(12).
-231
Let l(c) = -52*c - 5095. What is l(-98)?
1
Let u(z) = -22*z + 89. Give u(4).
1
Let m(q) = -q**2 - 106*q - 2282. Give m(-30).
-2
Let q(n) = -40*n - 29. What is q(3)?
-149
Let d(m) = -m**3 - 51*m**2 - 343*m + 45. Determine d(-43).
2
Let g(a) = 3*a**3 - 450*a**2 + 448*a - 155. What is g(149)?
-6
Let z(v) = 936*v - 5597. What is z(6)?
19
Let j(x) = 124*x + 7208. Give j(-58).
16
Let p(g) = g**2 - 8*g - 6. Determine p(5).
-21
Let v(y) = 110*y**2 - 6*y. Give v(-1).
116
Let k(u) = u**2 - 6890. What is k(-83)?
-1
Let w(h) = -h**3 + 8*h**2 + 163*h + 3. What is w(17)?
173
Let x(m) = m**2 - 251*m - 253. Determine x(-1).
-1
Let d(y) = y**3 + 20*y**2 + 55*y + 3. Determine d(-17).
-65
Let l(h) = -3*h**2 + 144*h - 643. Calculate l(43).
2
Let r(p) = -57*p - 927. Give r(-10).
-357
Let z(p) = -p**2 - 835*p + 7604. Give z(9).
8
Let t(l) = l**2 + 15*l + 47. What is t(-9)?
-7
Let o(i) = -2*i**3 - 6*i**2 + 31*i + 217. Calculate o(-8).
609
Let m(u) = u**3 + 12*u**2 + 21*u - 20. Give m(-3).
-2
Let f(a) = -a**3 + 25*a**2 - 87*a - 14. Calculate f(21).
-77
Let b(u) = -2*u**3 - 21*u**2 + 10*u + 33. What is b(-11)?
44
Let l(x) = 19*x - 560. Give l(29).
-9
Let k(u) = -u**2 + 948*u + 7647. What is k(-8)?
-1
Let y(j) = -4539*j + 6. What is y(0)?
6
Let z(l) = -l**2 - 17229*l - 154983. Determine z(-9).
-3
Let c(r) = r**2 - 7492*r + 59870. Calculate c(8).
-2
Let a(d) = 4*d + 39. What is a(-13)?
-13
Let r(g) = -7*g**3 + 31*g**2 + 22*g - 8. Calculate r(5).
2
Let z(m) = -102*m - 275. Calculate z(-3).
31
Let h(x) = 142*x**2 + 9799*x + 73. Calculate h(-69).
4
Let u(f) = 8*f + 63. Determine u(-22).
-113
Let r(c) = -c**2 + 949*c + 12498. Determine r(-13).
-8
Let n(r) = -r**3 + 17*r**2 - 46*r + 88. Calculate n(14).
32
Let s(u) = 2*u**2 + 137*u + 332. Calculate s(-65).
-123
Let u(a) = 26*a + 6015. Calculate u(-231).
9
Let j(w) = 46*w - 617. Calculate j(14).
27
Let h(u) = -u**3 - 35*u**2 + 68*u - 227. Give h(-37).
-5
Let f(r) = -r**3 + 186*r**2 - 367*r - 161. What 